on divisor of 11705 and 15.
5
Calculate the highest common divisor of 114 and 418.
38
Calculate the greatest common divisor of 108 and 10884.
12
What is the greatest common factor of 44 and 198?
22
What is the greatest common factor of 3975 and 477?
159
Calculate the highest common factor of 40 and 440.
40
Calculate the greatest common factor of 9 and 576.
9
Calculate the greatest common factor of 460 and 2380.
20
What is the highest common factor of 261 and 348?
87
What is the greatest common factor of 10 and 970?
10
What is the highest common divisor of 21 and 1071?
21
Calculate the greatest common factor of 6 and 294.
6
What is the highest common divisor of 64 and 3744?
32
What is the greatest common divisor of 5672 and 8?
8
What is the greatest common factor of 685 and 20?
5
Calculate the greatest common divisor of 126 and 24066.
126
What is the greatest common factor of 110 and 70?
10
What is the highest common factor of 29 and 464?
29
What is the highest common factor of 48 and 912?
48
What is the greatest common divisor of 260 and 430?
10
What is the highest common factor of 3749 and 326?
163
What is the greatest common divisor of 165 and 1749?
33
What is the highest common factor of 50 and 3800?
50
Calculate the highest common divisor of 3159 and 729.
243
Calculate the highest common factor of 60 and 540.
60
What is the highest common factor of 366 and 24?
6
Calculate the greatest common divisor of 212 and 4346.
106
Calculate the highest common divisor of 432 and 2544.
48
Calculate the highest common divisor of 6 and 42.
6
Calculate the greatest common divisor of 21210 and 126.
42
Calculate the greatest common factor of 3250 and 26.
26
What is the highest common factor of 39 and 27?
3
Calculate the greatest common divisor of 372 and 492.
12
What is the greatest common factor of 700 and 7525?
175
Calculate the highest common divisor of 8 and 47.
1
Calculate the highest common divisor of 62 and 4619.
31
Calculate the highest common divisor of 61 and 244.
61
What is the greatest common factor of 95 and 10735?
95
Calculate the highest common divisor of 20 and 37440.
20
Calculate the greatest common factor of 2367 and 18.
9
Calculate the highest common factor of 7 and 1169.
7
What is the greatest common factor of 14 and 518?
14
Calculate the highest common divisor of 122 and 9882.
122
Calculate the highest common factor of 2 and 3.
1
Calculate the greatest common divisor of 2488 and 8.
8
Calculate the greatest common factor of 46866 and 146.
146
What is the highest common factor of 18 and 14517?
9
Calculate the highest common divisor of 2140 and 80.
20
Calculate the greatest common factor of 10 and 17530.
10
What is the greatest common factor of 89474 and 28?
14
What is the highest common divisor of 112 and 868?
28
Calculate the greatest common factor of 391 and 713.
23
What is the highest common factor of 144 and 100?
4
What is the greatest common divisor of 16 and 3272?
8
What is the highest common divisor of 5 and 405?
5
What is the highest common divisor of 6 and 447?
3
Calculate the greatest common factor of 1820 and 392.
28
What is the highest common factor of 2429 and 7?
7
What is the greatest common divisor of 1312 and 88?
8
What is the highest common divisor of 936 and 1352?
104
What is the highest common factor of 1737 and 386?
193
What is the greatest common divisor of 25 and 85?
5
Calculate the highest common factor of 949 and 624.
13
What is the greatest common factor of 28 and 6552?
28
What is the greatest common factor of 889 and 508?
127
Calculate the greatest common divisor of 78 and 65.
13
What is the highest common divisor of 105 and 147?
21
Calculate the greatest common divisor of 21 and 273.
21
What is the highest common divisor of 24 and 14?
2
Calculate the highest common factor of 276 and 7866.
138
What is the greatest common divisor of 39 and 2613?
39
What is the highest common divisor of 163 and 1304?
163
What is the greatest common divisor of 77 and 88?
11
Calculate the greatest common factor of 10 and 502.
2
Calculate the highest common divisor of 60 and 24.
12
What is the greatest common divisor of 240 and 96?
48
What is the greatest common factor of 303 and 808?
101
Calculate the highest common divisor of 334 and 23881.
167
What is the greatest common factor of 48 and 5748?
12
What is the greatest common divisor of 46 and 207?
23
What is the highest common factor of 63 and 1260?
63
What is the greatest common factor of 8 and 24392?
8
Calculate the highest common divisor of 31 and 9610.
31
What is the highest common divisor of 689 and 1007?
53
What is the highest common divisor of 6 and 582?
6
What is the greatest common factor of 107 and 4387?
107
What is the greatest common divisor of 4266 and 378?
54
Calculate the highest common factor of 30 and 100.
10
What is the highest common divisor of 576 and 224?
32
Calculate the highest common factor of 288 and 81.
9
What is the highest common factor of 103 and 1?
1
Calculate the greatest common factor of 2 and 82.
2
What is the highest common divisor of 1480 and 25?
5
What is the highest common divisor of 170 and 119?
17
Calculate the greatest common factor of 138 and 2001.
69
What is the highest common divisor of 320 and 15?
5
What is the greatest common divisor of 6072 and 176?
88
What is the highest common divisor of 91 and 3471?
13
Calculate the greatest common factor of 170 and 68.
34
Calculate the greatest common divisor of 37 and 37.
37
Calculate the greatest common divisor of 48 and 60.
12
Calculate the highest common factor of 4188 and 12.
12
Calculate the highest common factor of 48 and 1200.
48
Calculate the greatest common divisor of 882 and 28.
14
Calculate the highest common divisor of 110 and 418.
22
What is the highest common factor of 27 and 141?
3
What is the greatest common divisor of 70782 and 282?
282
What is the greatest common divisor of 192 and 3?
3
Calculate the highest common divisor of 1088 and 256.
64
Calculate the greatest common divisor of 34 and 1071.
17
What is the highest common factor of 12118 and 166?
166
What is the highest common factor of 357 and 9877?
119
What is the highest common factor of 4 and 9?
1
Calculate the greatest common divisor of 84 and 12804.
12
What is the highest common factor of 121 and 55418?
121
Calculate the highest common divisor of 102 and 6987.
51
What is the highest common factor of 70 and 3395?
35
What is the greatest common factor of 40 and 15140?
20
What is the greatest common divisor of 510 and 150?
30
What is the highest common divisor of 596 and 4?
4
What is the highest common factor of 4 and 15692?
4
Calculate the highest common divisor of 16 and 2216.
8
Calculate the highest common factor of 96 and 228.
12
What is the greatest common factor of 104 and 117?
13
What is the greatest common divisor of 483 and 5244?
69
Calculate the highest common divisor of 1600 and 3800.
200
Calculate the greatest common divisor of 1628 and 10952.
148
Calculate the greatest common factor of 710 and 10.
10
Calculate the highest common factor of 8 and 17.
1
Calculate the greatest common divisor of 125 and 90875.
125
Calculate the greatest common factor of 1176 and 312.
24
What is the highest common factor of 104 and 17836?
52
What is the greatest common factor of 765 and 195?
15
What is the greatest common factor of 4893 and 7?
7
Calculate the greatest common factor of 88 and 2222.
22
What is the greatest common factor of 238 and 112?
14
What is the highest common factor of 671 and 11?
11
What is the greatest common divisor of 50 and 4250?
50
What is the highest common factor of 2860 and 156?
52
Calculate the greatest common factor of 240 and 255.
15
Calculate the greatest common divisor of 7 and 8071.
7
What is the greatest common divisor of 648 and 18?
18
Calculate the highest common factor of 36 and 1548.
36
What is the highest common divisor of 4 and 188?
4
Calculate the highest common divisor of 132 and 5214.
66
Calculate the highest common factor of 60 and 120.
60
Calculate the highest common divisor of 429 and 33.
33
What is the greatest common divisor of 152 and 1007?
19
What is the highest common divisor of 1491 and 21?
21
What is the highest common factor of 9381 and 9?
3
What is the greatest common facto